1 - -55. Suppose 4*d - j = 2*d. What are the prime factors of (-2 - 66/5)/(d/(-5))?
2, 19
Let c(q) = -3*q - 6. Let h be c(-3). Suppose 52 = -h*n - 0*y - 5*y, 0 = 3*n + y + 32. Let d(o) = -14*o - 5. What are the prime factors of d(n)?
11
Let i be (-4)/8 + 32855/10 + -6. Let t = i + -1891. List the prime factors of t.
2, 347
Let w(h) = -h**2 - 20*h - 73. Let m be w(-12). Let s(q) = -48*q - 3 + 26*q + 8*q**3 + m*q. What are the prime factors of s(3)?
2, 3
Suppose 2*r - 213 = 27. Let d = 120 - r. Suppose 5*n - 7*n + 194 = d. List the prime factors of n.
97
Let w be ((-3)/(-27))/((-7)/21)*69. Let z = w + 30. List the prime factors of (-8 + z)/((-2)/186).
3, 31
Let o(p) = 3*p**2 - p - 19. Let u be o(3). Suppose 0 = -u*b + 186 + 2029. List the prime factors of b.
443
Let r(v) = -19*v - 68 + 111 + 142 + 126. List the prime factors of r(-32).
919
Let z(t) = -7*t + 17. Let j = 31 + -24. Let o be z(j). Let w = -12 - o. List the prime factors of w.
2, 5
Suppose -3*h = 5*c - 2595, 2*h = -4*c - h + 2079. Let j = -367 + c. Let u = j + -79. What are the prime factors of u?
2, 5, 7
Let q(j) = 776*j**2 - 22*j + 62. List the prime factors of q(-5).
2, 3, 7, 233
Let k = -4862 + 9039. List the prime factors of k.
4177
Let t(v) = -2*v**3 + 12*v**2 + 7*v - 18. Let j be t(6). What are the prime factors of (-15 + 372/j)/(1/1328)?
2, 83
Let y = -16303 - -17803. List the prime factors of y.
2, 3, 5
Suppose -71034 = -58*x + 39572. Let f = x + -568. List the prime factors of f.
13, 103
What are the prime factors of (-6)/(-39) + 7/(2366/6623734)?
19597
Suppose -11*m + 59 = 26. Let x(j) = 10*j**2 - 3*j + 4. List the prime factors of x(m).
5, 17
Let c = 537 - 786. Let h = c + 504. List the prime factors of h.
3, 5, 17
Let y = -105 + 110. Let p(w) = 10*w**2 + 4. What are the prime factors of p(y)?
2, 127
Let o = 10 - 6. Suppose s = 5*u - 8, 5*s - 38 = 20*u - 21*u. Suppose -2*g + 4*j + 78 = 0, o*g - u*j - 120 = -4*j. List the prime factors of g.
31
Let d(h) be the first derivative of h**2 + 20*h - 4. Let m be d(-11). List the prime factors of (-28*1/(6/93))/m.
7, 31
Let b(u) = -233*u - 2463. List the prime factors of b(-29).
2, 19, 113
Let q = 13521 - 3769. What are the prime factors of q?
2, 23, 53
Suppose -h + 53164 = 4*p, -13*p + 10*p - 5*h = -39873. Suppose -26*d + p + 2231 = 0. What are the prime factors of d?
3, 199
Suppose -60 = -p + 6*p. Let k(x) = -x**3 + 4*x**2 - 3*x - 1. Let u be k(3). List the prime factors of -12*u*(p/(-4) + 3).
2, 3
Let d = -101355 + 142333. What are the prime factors of d?
2, 7, 2927
Let x(j) = 9*j**2 + 18*j - 1. Let b(o) = 19*o**2 + 35*o - 2. Let s(f) = 3*b(f) - 5*x(f). List the prime factors of s(-7).
2, 241
Let v = -25998 + 62220. List the prime factors of v.
2, 3, 6037
Let u be 3*((-3)/(6/(-10)) + -4). What are the prime factors of (u/((-3)/44))/(12/(-96))?
2, 11
Suppose 20*j = 21*j - 4. Suppose -j*m = -9*m + v - 709, 2*m + 266 = -4*v. Let l = 236 + m. What are the prime factors of l?
5, 19
Let y = -35 + 70. Suppose -5*z - y + 285 = 0. List the prime factors of z.
2, 5
Suppose -3*q + 87572 = -h, 3196*h - 3199*h = q - 29214. List the prime factors of q.
3, 37, 263
Let s = 18401 + -12946. What are the prime factors of s?
5, 1091
Let h be 3 + -3 + 4*3. Let k be (-2)/(-8) - (-4209)/h. Let o = -201 + k. List the prime factors of o.
2, 3, 5
Let h = 38893 + -8716. What are the prime factors of h?
3, 7, 479
Let o(f) = 98*f**2 + f. Let a(z) = 9*z - 6. Let c(p) = 5*p - 3. Let h(q) = 4*a(q) - 7*c(q). Let i be h(2). List the prime factors of o(i).
97
Let q = -7094 + 13542. What are the prime factors of q?
2, 13, 31
Suppose -10*i + 43 = 43. Suppose -7*c + 3*c + u + 3085 = 0, i = 5*c - 5*u - 3875. List the prime factors of c.
2, 5, 7, 11
Suppose -68 = 10*q - 628. What are the prime factors of 4/(-4 + q/13)?
13
Let u(g) = 5*g - 144. Let z(d) = -3*d**3 - 22*d**2 - 34*d - 13. Let w be z(-6). List the prime factors of u(w).
7, 13
Suppose -133*y + 137*y - 177467 = b, -2*b - 177474 = -4*y. What are the prime factors of y?
5, 19, 467
Suppose s + 8 - 3 = 4*f, 2*f + 4*s + 20 = 0. Suppose -5*p + 850 + 1295 = 0. Suppose f = -5*t - 15, -4*d + p = 8*t - 3*t. List the prime factors of d.
3, 37
Let h be (-407)/185 - (-8)/(-10). List the prime factors of (1236 + 0)*(-2)/h.
2, 103
Let h(o) = 28*o - 12. Let l be h(14). Suppose -7*n - l = -r - 8*n, 5*r - 5*n = 1870. What are the prime factors of r?
13, 29
Suppose -3*o - 4*j = -1184, 2*j - 390 = -o + 3*j. Let c = 1119 - o. What are the prime factors of c?
727
Let q = 28279 + -8724. List the prime factors of q.
5, 3911
What are the prime factors of -881*3*(-175)/525?
881
Suppose -21*l + 26779 = -25469. What are the prime factors of l?
2, 311
Let a(k) = k**2 + 3. Suppose 83 = -4*h + z + 10, -h + 3*z = 21. Let x = h - -16. List the prime factors of a(x).
7
Let a(i) be the second derivative of 5*i**4/6 + 77*i**3/3 + 6*i**2 - i + 72. What are the prime factors of a(-16)?
2, 3
Suppose 3*r - 624 - 510 = 0. What are the prime factors of r/8 - 10/40?
47
Let h(f) = 2*f**2 - 152*f + 4384. List the prime factors of h(117).
2, 29, 241
Let n(z) = -9*z + 40. Let u be n(-9). Let i be u/(-7) - 4/(-14). Let m = i - -84. List the prime factors of m.
67
Let a be -2 - ((-7)/2)/(3/6). Suppose -3*u = -2*r + r - 1, 5*r = -a*u + 35. List the prime factors of -5*r/25*-57.
3, 19
Suppose 0 = 500*i - 507*i + 26488. Suppose -14*j + 18*j - i = 0. List the prime factors of j.
2, 11, 43
Let h(y) = -y**3 - 28*y**2 - 5*y - 331. What are the prime factors of h(-32)?
5, 157
List the prime factors of 18455*16/(-3)*(-237)/395.
2, 3691
Let a be 9/18 - (-11)/2. What are the prime factors of (18/6)/a*500?
2, 5
Let g be (6/9*3 + -2)/(-2). Suppose -q = 9*q - g*q. Suppose q = -0*m - 5*m + 115. List the prime factors of m.
23
Let f(v) = 12382*v - 547. List the prime factors of f(3).
36599
Let n(z) = -13*z + 187. Let u(s) = -11*s + 186. Let d(l) = -4*n(l) + 5*u(l). What are the prime factors of d(-7)?
7, 29
Let q(u) = -7*u + 8*u + u + 39 + 4*u. Let k be q(-19). Let j = -67 - k. List the prime factors of j.
2
Suppose -11*q = -2*q - 63. What are the prime factors of 33606/42 + (-1)/q?
2, 5
Let n(r) = 12834*r**3 - 7*r**2 + 29*r - 21. What are the prime factors of n(1)?
5, 17, 151
Let o(m) = 6807*m + 726. What are the prime factors of o(2)?
2, 3, 5, 239
What are the prime factors of (-9 + 18 - -141)*(-846)/(-5)?
2, 3, 5, 47
Let j(v) = -v**3 + 4*v**2 + 11*v + 9. Let q be j(6). Suppose -589 = q*u - 4*u. What are the prime factors of u?
19, 31
Let o = 357 - 367. Let s(i) = 5*i**2 - 2*i + 48. What are the prime factors of s(o)?
2, 71
Let d(k) = -10*k**2 + 5*k + 34. Let b be d(-5). Let n = 771 + b. List the prime factors of n.
2, 5, 53
What are the prime factors of 16/576*6*79662?
11, 17, 71
Let a = -1 - -3. Let q be -5 - (-16)/(-8*(-2)/8). Suppose -212 + a = -q*n. What are the prime factors of n?
2, 5, 7
Let c(q) = 2*q**2 - 2*q + 70. Let n be c(0). Suppose 61*x = 60*x - n. Let p = 16 - x. List the prime factors of p.
2, 43
Let p(r) = -4302*r - 61. List the prime factors of p(-7).
41, 733
Suppose 36 = 5*y - 3*i, -2*y + 3*i + 15 = -3. List the prime factors of -1 + -1 + 95 + y.
3, 11
Let m(p) = -2*p**3 - 36*p**2 - 99*p - 109. List the prime factors of m(-22).
13, 457
Let g be 1/(12/16*(-2)/(-3)). List the prime factors of -3*(g + -48 - -3).
3, 43
Suppose 3669*q - 269925 = 3664*q. List the prime factors of q.
3, 5, 59, 61
Let p = 510 - -424. What are the prime factors of p?
2, 467
Suppose -27*m = -3*m + 288. What are the prime factors of 158 - (m/(-22) + (-30)/55)?
2, 79
Suppose -305 = -6*o - 1739. Let y = -142 - o. What are the prime factors of y?
97
Let n(a) = 1671*a**3 + 3*a**2 - a + 2. Let g be n(2). Suppose 17*d = 27*d - g. List the prime factors of d.
2, 3, 223
Suppose -118*q + 12*q + 12*q + 1086076 = 0. List the prime factors of q.
2, 53, 109
Suppose 17*w - 26*w = 36. What are the prime factors of -4 - (-474)/(-12)*w?
2, 7, 11
Suppose -31*n = -26*n - 25. Suppose -11 = -n*j + 164. What are the prime factors of j?
5, 7
Let n = 16 + -17. Let m be n*1*(-176)/11. Suppose -3*z - m + 346 = 0. What are the prime factors of z?
2, 5, 11
Let n(a) = -a**3 - 12*a**2 - 16*a - 7. Let z be n(-18). Suppose -z = 17*p - 22*p. What are the prime factors of p?
5, 89
Let l = 839 + -419. Supp